{"id":44,"date":"2008-06-12T15:29:37","date_gmt":"2008-06-12T13:29:37","guid":{"rendered":"http:\/\/cameracartell.com\/wp\/?page_id=44"},"modified":"2013-03-12T14:31:18","modified_gmt":"2013-03-12T12:31:18","slug":"cameracartell-scenario-1","status":"publish","type":"page","link":"https:\/\/cameracartell.com\/wp\/?page_id=44","title":{"rendered":"exhibitions &#038; filmscreenings"},"content":{"rendered":"<h2><a title=\"Permalink: SCRUTINY MUTINY\" rel=\"bookmark\" href=\"http:\/\/cameracartell.com\/wp\/?p=344\"><span style=\"color: #ff6600;\">SCRUTINY MUTINY<\/span><\/a><\/h2>\n<p>opening of the SHOW#2 : \u00a0\u00a0<strong>21. Juni 2012<\/strong> at\u00a0<a title=\"gartenstudio-berlin\" href=\"http:\/\/www.gartenstudio.org\/\" target=\"_blank\">Gartenstudio Gallery<\/a>,\u00a0Naunynstr. 53, 10999 Berlin<\/p>\n<p><em>with <\/em><a title=\"crossing-skopje\" href=\"http:\/\/cameracartell.com\/wp\/?p=290\" target=\"_blank\"><em>CROSSING SKOPJE<\/em><\/a><em> by Cameracartell<\/em><\/p>\n<p><em>and art work by Maria Cruz, Charles LaBelle, Lizza May David, Janine Eggert &amp; Philipp Ricklefs, Alessandro Vital<\/em>i<\/p>\n<p>during 7th Berlin Biennale 2012<\/p>\n<p><span style=\"color: #ff6600;\"><span style=\"color: #000000;\"><br \/>\n<\/span><\/span><\/p>\n<h2><span style=\"color: #ff6600;\">Skopje &#8211; Die vergessene Moderne <\/span><\/h2>\n<p><strong>Er\u00f6ffnung am 01. M\u00e4rz 2012, Im Architekturschaufenster Karlsruhe<\/strong><\/p>\n<p>1963 wurde\u00a0Skopje gr\u00f6\u00dftenteils von einem Erdbeben zerst\u00f6rt. Ein\u00a0internationaler Wettbewerb und von der\u00a0Unesco geleitete Wiederaufbauplanungen sorgten weltweit f\u00fcr Aufsehen. Heute kennt kaum noch einer\u00a0Kenzo Tanges siegreichen Wettbewerbsbeitrag oder erinnert sich an das diesem zugrunde liegende sozialutopische Stadtmodell, geschweige denn, dass jemand Skopjes eigenartige Spielart moderner Architektur zur Kenntnis n\u00e4hme.<\/p>\n<p>Die\u00a0Ausstellung zeigt die\u00a0Planungen und Bauten der\u00a01960er Jahre f\u00fcr Skopje, dokumentiert deren heutigen Zustand und macht die\u00a0aktuellen Konflikte um die architektonische und stadtr\u00e4umliche\u00a0Identit\u00e4t der Stadt zug\u00e4nglich.\u00a0<strong>Die Ausstellung wird kuratiert von Maren Harnack und Biljana Stefanovska.<\/strong><\/p>\n<p><em>\u201cCrossing Skopje\u201c von Cameracartell (Marte Kiessling, Stephanie Sarah Lauke, Vanessa Nica Mueller, Karsten Wiesel) wird w\u00e4hrend der Ausstellung als 3 Kanal Projektion zu sehen sein, und\u00a0mit k\u00fcnstlerischen Arbeiten von Armin Linke,\u00a0Jovan Balov und Wolfgang Thaler.<\/em><\/p>\n<p><span style=\"color: #ff6600;\"><br \/>\n<\/span><\/p>\n<h2><span style=\"color: #666699;\"><strong><span style=\"color: #ff6600;\"><strong> <\/strong>BLIND SPOT SKOPJE<\/span><\/strong><\/span><\/h2>\n<p><strong>April 2011<\/strong>, in Skopje, Macedonia<br \/>\nExhibition, Filmscreening and discussion<br \/>\nand the filmic field trip <strong>\u201cCrossing Skopje\u201c<\/strong> through Skopje.<br \/>\n<em> A cooperation between Cameracartell and NGO Kontrapunkt<\/em><br \/>\n<em><a href=\"http:\/\/cameracartell.com\/wp\/?p=232\" target=\"_self\"><span style=\"color: #3366ff;\">more informations and participants<\/span><\/a><\/em><\/p>\n<p><em><span style=\"color: #3366ff;\"><a href=\"http:\/\/cameracartell.com\/wp\/wp-content\/uploads\/2008\/06\/BlindSpot-Skopje-Cameracartell.png\"><img loading=\"lazy\" decoding=\"async\" class=\"alignnone size-full wp-image-357\" title=\"BlindSpot-Skopje-Cameracartell\" src=\"http:\/\/cameracartell.com\/wp\/wp-content\/uploads\/2008\/06\/BlindSpot-Skopje-Cameracartell.png\" alt=\"\" width=\"186\" height=\"161\" \/><\/a><\/span><\/em><\/p>\n<h2><span style=\"color: #666699;\"><strong><br \/>\n<\/strong><\/span><strong><span style=\"color: #ff6600;\">Border space \u00a0in between space &#8211;<\/span><\/strong><span style=\"color: #ff6600;\"><br \/>\n<\/span> <strong><span style=\"color: #ff6600;\">Grenzraum aktiver Zwischenraum<\/span><\/strong><\/h2>\n<p><strong> <\/strong>Artist talk &amp; discussion and\u00a0Filmscreening with the invited Artists:<br \/>\n<strong> Farida Heuck\u00a0und\u00a0Jae-Hyun Yoo<\/strong> in cooperation with Cameracartell<br \/>\n<strong> 24.03.2010<\/strong> at 7pm, at\u00a0<a href=\"http:\/\/www.kunsthaushamburg.de\/\" target=\"_blank\">Kunsthaus Hamburg<\/a><br \/>\npart of the exhibition \u00a0<a href=\"http:\/\/www.vondrittenraeumen.net\/begleitprogramm\/\" target=\"_blank\">&#8222;von dritten R\u00e4umen&#8220;<\/a> (About third spaces)<\/p>\n<p><a href=\"http:\/\/cameracartell.com\/wp\/wp-content\/uploads\/2008\/06\/image.jpg\"><img loading=\"lazy\" decoding=\"async\" class=\"alignnone size-full wp-image-320\" title=\"image\" src=\"http:\/\/cameracartell.com\/wp\/wp-content\/uploads\/2008\/06\/image.jpg\" alt=\"\" width=\"418\" height=\"266\" srcset=\"https:\/\/cameracartell.com\/wp\/wp-content\/uploads\/2008\/06\/image.jpg 418w, https:\/\/cameracartell.com\/wp\/wp-content\/uploads\/2008\/06\/image-300x190.jpg 300w\" sizes=\"(max-width: 418px) 100vw, 418px\" \/><\/a><\/p>\n<h2><strong><strong><span style=\"color: #ff6600;\">Are B<\/span><\/strong><strong><span style=\"color: #ff6600;\">lack Box and White Cube DEAD ?<\/span><\/strong><\/strong><\/h2>\n<p><span style=\"color: #666699;\"><strong><span style=\"color: #000000; font-weight: normal; font-size: 13px;\">Exhibition, filmscreeening and lecture<\/span><\/strong><\/span><br \/>\n<strong> December 2009<\/strong><br \/>\n<a href=\"http:\/\/www.melikebilir.com\/\" target=\"_blank\"> Gallery Melike Bilir<\/a> and <a href=\"http:\/\/www.metropoliskino.de\/\" target=\"_blank\">Metropolis Cinema<\/a> Hamburg<\/p>\n<p><a href=\"http:\/\/www.melikebilir.com\/cameracartell.html\" target=\"_self\"><span style=\"color: #3366ff;\">more informations:<\/span><\/a><\/p>\n<p><a href=\"http:\/\/cameracartell.com\/wp\/wp-content\/uploads\/2008\/06\/archiv.jpg\"><img loading=\"lazy\" decoding=\"async\" class=\"alignnone size-full wp-image-316\" title=\"archiv\" src=\"http:\/\/cameracartell.com\/wp\/wp-content\/uploads\/2008\/06\/archiv.jpg\" alt=\"\" width=\"400\" height=\"267\" srcset=\"https:\/\/cameracartell.com\/wp\/wp-content\/uploads\/2008\/06\/archiv.jpg 400w, https:\/\/cameracartell.com\/wp\/wp-content\/uploads\/2008\/06\/archiv-300x200.jpg 300w\" sizes=\"(max-width: 400px) 100vw, 400px\" \/><\/a><\/p>\n<h2><a title=\"Permalink: Movie Bullets and the Mind Melt Machine\" rel=\"bookmark\" href=\"http:\/\/cameracartell.com\/wp\/?p=134\"><span style=\"color: #ff6600;\">MOVIE BULLETS AND THE MIND MELT MACHINE<\/span><\/a><\/h2>\n<p><strong><a href=\"http:\/\/www.gallery138.com\/\" target=\"_blank\"><span style=\"color: #000000;\">Gallery 138<\/span><\/a><span style=\"color: #000000;\"> New York<\/span><\/strong><br \/>\n138 W. 17th 5th Floor, New York City<\/p>\n<p><strong>Movie night<\/strong> \/\/\u00a0<strong>November 2009<\/strong><br \/>\non Thursday (11\/12),\u00a06-9 pm<\/p>\n<p>Artists, filmmakers and Artists Collectives:<\/p>\n<p>Cameracartell \/ Cassandra Troyan \/ Stephanie Dodes \/ Jacob Sharff \/ Z Collective<\/p>\n<h2><strong><strong><span style=\"color: #ff6600;\">Absence and presence<\/span><\/strong><\/strong><\/h2>\n<p>Cameracartell -Scenario III<br \/>\n<strong>filmscreening and videodiscourse<\/strong><br \/>\n<strong> May 08- 10, 2009<\/strong><br \/>\nat Hedah, center of contemporary Art, Maastricht, Netherland<\/p>\n<p><img decoding=\"async\" src=\"http:\/\/cameracartell.com\/wp\/wp-content\/uploads\/2009\/07\/cameracartell-scenario3.jpg\" alt=\"\" \/><\/p>\n<h2><span style=\"color: #666699;\"><strong><span style=\"color: #ff6600;\">Cameracartell &#8211; Scenario II<\/span><\/strong><\/span><\/h2>\n<p><strong>October 2008, <\/strong><\/p>\n<p>Film Screening at <a title=\"kranfilm\" href=\"http:\/\/kranfilm.net\/\" target=\"_blank\">KRAN FILM Collective<\/a>, Place St Gery 26, Bruxelles<\/p>\n<p><img loading=\"lazy\" decoding=\"async\" src=\"http:\/\/cameracartell.com\/wp\/wp-content\/uploads\/2009\/07\/preparing-scenario-2.jpg\" alt=\"\" width=\"408\" height=\"301\" \/><\/p>\n<h2><span style=\"color: #666699;\"><strong><span style=\"color: #ff6600;\">scenario I <\/span><\/strong><strong><span style=\"color: #ff6600;\">&#8211; the view outside<\/span><\/strong><\/span><\/h2>\n<p>exhibiton <strong>May 30, 2008<\/strong><\/p>\n<p>friday opening8 pm, <a title=\"Elektrohaus Hamburg\" href=\"http:\/\/elektrohaus.net\/\" target=\"_blank\">Elektrohaus<\/a> Pulverteich 1,  Hamburg<\/p>\n<p><img loading=\"lazy\" decoding=\"async\" src=\"http:\/\/cameracartell.com\/wp\/wp-content\/uploads\/2008\/06\/scenario1cameracartell2.jpg\" alt=\"\" width=\"408\" height=\"282\" \/><\/p>\n","protected":false},"excerpt":{"rendered":"<p>SCRUTINY MUTINY opening of the SHOW#2 : \u00a0\u00a021. Juni 2012 at\u00a0Gartenstudio Gallery,\u00a0Naunynstr. 53, 10999 Berlin with CROSSING SKOPJE by Cameracartell and art work by Maria Cruz, Charles LaBelle, Lizza May David, Janine Eggert &amp; Philipp Ricklefs, Alessandro Vitali during 7th Berlin Biennale 2012 Skopje &#8211; Die vergessene Moderne Er\u00f6ffnung am 01. M\u00e4rz 2012, Im Architekturschaufenster [&hellip;]<\/p>\n","protected":false},"author":2,"featured_media":0,"parent":0,"menu_order":3,"comment_status":"closed","ping_status":"open","template":"","meta":{"footnotes":""},"_links":{"self":[{"href":"https:\/\/cameracartell.com\/wp\/index.php?rest_route=\/wp\/v2\/pages\/44"}],"collection":[{"href":"https:\/\/cameracartell.com\/wp\/index.php?rest_route=\/wp\/v2\/pages"}],"about":[{"href":"https:\/\/cameracartell.com\/wp\/index.php?rest_route=\/wp\/v2\/types\/page"}],"author":[{"embeddable":true,"href":"https:\/\/cameracartell.com\/wp\/index.php?rest_route=\/wp\/v2\/users\/2"}],"replies":[{"embeddable":true,"href":"https:\/\/cameracartell.com\/wp\/index.php?rest_route=%2Fwp%2Fv2%2Fcomments&post=44"}],"version-history":[{"count":14,"href":"https:\/\/cameracartell.com\/wp\/index.php?rest_route=\/wp\/v2\/pages\/44\/revisions"}],"predecessor-version":[{"id":156,"href":"https:\/\/cameracartell.com\/wp\/index.php?rest_route=\/wp\/v2\/pages\/44\/revisions\/156"}],"wp:attachment":[{"href":"https:\/\/cameracartell.com\/wp\/index.php?rest_route=%2Fwp%2Fv2%2Fmedia&parent=44"}],"curies":[{"name":"wp","href":"https:\/\/api.w.org\/{rel}","templated":true}]}}

<h2><a title="Permalink: SCRUTINY MUTINY" rel="bookmark" href="http://cameracartell.com/wp/?p=344"><span style="color: #ff6600;">SCRUTINY MUTINY</span></a></h2>
<p>opening of the SHOW#2 :   <strong>21. Juni 2012</strong> at <a title="gartenstudio-berlin" href="http://www.gartenstudio.org/" target="_blank">Gartenstudio Gallery</a>, Naunynstr. 53, 10999 Berlin</p>
<p><em>with </em><a title="crossing-skopje" href="http://cameracartell.com/wp/?p=290" target="_blank"><em>CROSSING SKOPJE</em></a><em> by Cameracartell</em></p>
<p><em>and art work by Maria Cruz, Charles LaBelle, Lizza May David, Janine Eggert &amp; Philipp Ricklefs, Alessandro Vital</em>i</p>
<p>during 7th Berlin Biennale 2012</p>
<p><span style="color: #ff6600;"><span style="color: #000000;"><br />
</span></span></p>
<h2><span style="color: #ff6600;">Skopje &#8211; Die vergessene Moderne </span></h2>
<p><strong>Eröffnung am 01. März 2012, Im Architekturschaufenster Karlsruhe</strong></p>
<p>1963 wurde Skopje größtenteils von einem Erdbeben zerstört. Ein internationaler Wettbewerb und von der Unesco geleitete Wiederaufbauplanungen sorgten weltweit für Aufsehen. Heute kennt kaum noch einer Kenzo Tanges siegreichen Wettbewerbsbeitrag oder erinnert sich an das diesem zugrunde liegende sozialutopische Stadtmodell, geschweige denn, dass jemand Skopjes eigenartige Spielart moderner Architektur zur Kenntnis nähme.</p>
<p>Die Ausstellung zeigt die Planungen und Bauten der 1960er Jahre für Skopje, dokumentiert deren heutigen Zustand und macht die aktuellen Konflikte um die architektonische und stadträumliche Identität der Stadt zugänglich. <strong>Die Ausstellung wird kuratiert von Maren Harnack und Biljana Stefanovska.</strong></p>
<p><em>“Crossing Skopje“ von Cameracartell (Marte Kiessling, Stephanie Sarah Lauke, Vanessa Nica Mueller, Karsten Wiesel) wird während der Ausstellung als 3 Kanal Projektion zu sehen sein, und mit künstlerischen Arbeiten von Armin Linke, Jovan Balov und Wolfgang Thaler.</em></p>
<p><span style="color: #ff6600;"><br />
</span></p>
<h2><span style="color: #666699;"><strong><span style="color: #ff6600;"><strong> </strong>BLIND SPOT SKOPJE</span></strong></span></h2>
<p><strong>April 2011</strong>, in Skopje, Macedonia<br />
Exhibition, Filmscreening and discussion<br />
and the filmic field trip <strong>“Crossing Skopje“</strong> through Skopje.<br />
<em> A cooperation between Cameracartell and NGO Kontrapunkt</em><br />
<em><a href="http://cameracartell.com/wp/?p=232" target="_self"><span style="color: #3366ff;">more informations and participants</span></a></em></p>
<p><em><span style="color: #3366ff;"><a href="http://cameracartell.com/wp/wp-content/uploads/2008/06/BlindSpot-Skopje-Cameracartell.png"><img loading="lazy" decoding="async" class="alignnone size-full wp-image-357" title="BlindSpot-Skopje-Cameracartell" src="http://cameracartell.com/wp/wp-content/uploads/2008/06/BlindSpot-Skopje-Cameracartell.png" alt="" width="186" height="161" /></a></span></em></p>
<h2><span style="color: #666699;"><strong><br />
</strong></span><strong><span style="color: #ff6600;">Border space  in between space &#8211;</span></strong><span style="color: #ff6600;"><br />
</span> <strong><span style="color: #ff6600;">Grenzraum aktiver Zwischenraum</span></strong></h2>
<p><strong> </strong>Artist talk &amp; discussion and Filmscreening with the invited Artists:<br />
<strong> Farida Heuck und Jae-Hyun Yoo</strong> in cooperation with Cameracartell<br />
<strong> 24.03.2010</strong> at 7pm, at <a href="http://www.kunsthaushamburg.de/" target="_blank">Kunsthaus Hamburg</a><br />
part of the exhibition  <a href="http://www.vondrittenraeumen.net/begleitprogramm/" target="_blank">&#8222;von dritten Räumen&#8220;</a> (About third spaces)</p>
<p><a href="http://cameracartell.com/wp/wp-content/uploads/2008/06/image.jpg"><img loading="lazy" decoding="async" class="alignnone size-full wp-image-320" title="image" src="http://cameracartell.com/wp/wp-content/uploads/2008/06/image.jpg" alt="" width="418" height="266" srcset="https://cameracartell.com/wp/wp-content/uploads/2008/06/image.jpg 418w, https://cameracartell.com/wp/wp-content/uploads/2008/06/image-300x190.jpg 300w" sizes="(max-width: 418px) 100vw, 418px" /></a></p>
<h2><strong><strong><span style="color: #ff6600;">Are B</span></strong><strong><span style="color: #ff6600;">lack Box and White Cube DEAD ?</span></strong></strong></h2>
<p><span style="color: #666699;"><strong><span style="color: #000000; font-weight: normal; font-size: 13px;">Exhibition, filmscreeening and lecture</span></strong></span><br />
<strong> December 2009</strong><br />
<a href="http://www.melikebilir.com/" target="_blank"> Gallery Melike Bilir</a> and <a href="http://www.metropoliskino.de/" target="_blank">Metropolis Cinema</a> Hamburg</p>
<p><a href="http://www.melikebilir.com/cameracartell.html" target="_self"><span style="color: #3366ff;">more informations:</span></a></p>
<p><a href="http://cameracartell.com/wp/wp-content/uploads/2008/06/archiv.jpg"><img loading="lazy" decoding="async" class="alignnone size-full wp-image-316" title="archiv" src="http://cameracartell.com/wp/wp-content/uploads/2008/06/archiv.jpg" alt="" width="400" height="267" srcset="https://cameracartell.com/wp/wp-content/uploads/2008/06/archiv.jpg 400w, https://cameracartell.com/wp/wp-content/uploads/2008/06/archiv-300x200.jpg 300w" sizes="(max-width: 400px) 100vw, 400px" /></a></p>
<h2><a title="Permalink: Movie Bullets and the Mind Melt Machine" rel="bookmark" href="http://cameracartell.com/wp/?p=134"><span style="color: #ff6600;">MOVIE BULLETS AND THE MIND MELT MACHINE</span></a></h2>
<p><strong><a href="http://www.gallery138.com/" target="_blank"><span style="color: #000000;">Gallery 138</span></a><span style="color: #000000;"> New York</span></strong><br />
138 W. 17th 5th Floor, New York City</p>
<p><strong>Movie night</strong> // <strong>November 2009</strong><br />
on Thursday (11/12), 6-9 pm</p>
<p>Artists, filmmakers and Artists Collectives:</p>
<p>Cameracartell / Cassandra Troyan / Stephanie Dodes / Jacob Sharff / Z Collective</p>
<h2><strong><strong><span style="color: #ff6600;">Absence and presence</span></strong></strong></h2>
<p>Cameracartell -Scenario III<br />
<strong>filmscreening and videodiscourse</strong><br />
<strong> May 08- 10, 2009</strong><br />
at Hedah, center of contemporary Art, Maastricht, Netherland</p>
<p><img decoding="async" src="http://cameracartell.com/wp/wp-content/uploads/2009/07/cameracartell-scenario3.jpg" alt="" /></p>
<h2><span style="color: #666699;"><strong><span style="color: #ff6600;">Cameracartell &#8211; Scenario II</span></strong></span></h2>
<p><strong>October 2008, </strong></p>
<p>Film Screening at <a title="kranfilm" href="http://kranfilm.net/" target="_blank">KRAN FILM Collective</a>, Place St Gery 26, Bruxelles</p>
<p><img loading="lazy" decoding="async" src="http://cameracartell.com/wp/wp-content/uploads/2009/07/preparing-scenario-2.jpg" alt="" width="408" height="301" /></p>
<h2><span style="color: #666699;"><strong><span style="color: #ff6600;">scenario I </span></strong><strong><span style="color: #ff6600;">&#8211; the view outside</span></strong></span></h2>
<p>exhibiton <strong>May 30, 2008</strong></p>
<p>friday opening8 pm, <a title="Elektrohaus Hamburg" href="http://elektrohaus.net/" target="_blank">Elektrohaus</a> Pulverteich 1,  Hamburg</p>
<p><img loading="lazy" decoding="async" src="http://cameracartell.com/wp/wp-content/uploads/2008/06/scenario1cameracartell2.jpg" alt="" width="408" height="282" /></p>

<p>SCRUTINY MUTINY opening of the SHOW#2 :   21. Juni 2012 at Gartenstudio Gallery, Naunynstr. 53, 10999 Berlin with CROSSING SKOPJE by Cameracartell and art work by Maria Cruz, Charles LaBelle, Lizza May David, Janine Eggert &amp; Philipp Ricklefs, Alessandro Vitali during 7th Berlin Biennale 2012 Skopje &#8211; Die vergessene Moderne Eröffnung am 01. März 2012, Im Architekturschaufenster [&hellip;]</p>
